ns digit of t?
2
Let m(s) = 13*s - 83. Let g = 48 + -28. What is the units digit of m(g)?
7
Let g be (-2 + -4*708/(-8))*5. What is the hundreds digit of (-2 + 3)/(8/g)?
2
Let x(z) = 0*z**2 + 1 - 11*z + 14*z + 167*z**2. What is the hundreds digit of x(-1)?
1
Suppose 3*c + 1350 = 333. Let s = c + 510. What is the units digit of s?
1
Let m = 13171 + -9267. What is the units digit of m?
4
Suppose -65 = 20*u - 24145. What is the hundreds digit of u?
2
Suppose -12 - 2 = 2*v. Let r(c) = -3*c + 40. What is the units digit of r(v)?
1
Let p = 546 - 510. What is the tens digit of p?
3
What is the units digit of (2 - -1)*(1 - (-3656)/12)?
7
Suppose 0 = 2*h + 3*p - 237, -3*p + 148 = 3*h - 212. What is the tens digit of h?
2
Let t(j) = j**2 + j - 4. Let k be t(2). Let z be k/4*2*2. Suppose 5*a - 96 = 2*g, z = -a - 5*g + 32. What is the tens digit of a?
2
Suppose 505 - 1684 = -3*s. What is the units digit of s?
3
Let g = -29 + 21. Let z(q) = 12*q - 9. Let b be z(3). Let s = b + g. What is the tens digit of s?
1
Let z(w) = 2*w**2 - 3*w + 421. What is the units digit of z(0)?
1
Let r = 2464 + 571. What is the units digit of r?
5
Let p be (-36)/(-15) + 8/(-20). Let s(b) = -b + p - 5 - 4 + 3. What is the units digit of s(-8)?
4
Let j = -11 + 1150. What is the units digit of j?
9
Suppose 0 = -7*i + 2*i + 4*l - 224, 0 = -i + 2*l - 40. Let t be 2/(-8) + (-12)/i. Suppose -4*d + 65 = 5*v, t = v + 4*v + 2*d - 65. What is the tens digit of v?
1
Let z(q) = q**3 + 6*q**2 - 3*q - 5. Let f be z(-5). Let r = f - 30. What is the units digit of r?
5
Let q be 0*(-2)/(-4 - 0). Suppose -4*s + 0*x + 4*x + 160 = q, -x - 110 = -3*s. What is the units digit of s?
5
Let s be 2 + -6*(-4)/(-8 - -4). Let a(l) = -53*l - 18. What is the hundreds digit of a(s)?
1
Suppose 4*c + 5019 = 3*q, 0 = 3*q - 54*c + 57*c - 5040. What is the tens digit of q?
7
Let u = 6 - 11. Let t(r) be the second derivative of r**5/20 + 7*r**4/12 + 4*r**3/3 + 3*r**2/2 - 4*r. What is the units digit of t(u)?
3
Suppose h + 5 = 9. Suppose 0 = 3*x + k - 193, -4*x - h*k + 62 = -206. What is the units digit of x?
3
Suppose h = -2*h + 2*z + 33, -42 = -4*h + 2*z. Let b(i) = 11*i - 8*i + h*i + 1. What is the units digit of b(1)?
3
Suppose 4 + 11 = 5*f. Suppose f*b + 1 - 601 = 0. Suppose -7*l + b = -3*l. What is the units digit of l?
0
Suppose -2*j + 48 = -1176. What is the hundreds digit of j?
6
What is the hundreds digit of (3 - (0 + 6)) + 408?
4
Let j(b) = -13*b + 1. Let r be j(-3). Suppose 3 - 2 = -o, 3*c = -2*o + r. Let v = c - 10. What is the units digit of v?
4
Suppose 601 = 3*p - 254. What is the units digit of p?
5
Suppose 0 = -3*p + 123 - 117. Suppose -p*n + c = -307, 4*n + 5*c = -0*n + 579. What is the units digit of n?
1
Let x(y) = 40*y**2 - 6*y - 4. Suppose -4*d = 3*f - 1 - 9, -2*f + 16 = 5*d. What is the tens digit of x(f)?
6
Let f(w) = w**2 - 9*w + 37. Let k be f(18). Let n = k + -136. What is the units digit of n?
3
Let d = 7234 + -3701. What is the thousands digit of d?
3
Let q(z) = -3*z + 5. Let d be q(0). Suppose d*y - 50 = 55. What is the units digit of y?
1
Suppose 0*h = 3*h. Suppose h = 4*f + 3*f - 735. What is the units digit of f?
5
Let q be 2 - (1 + 2) - -2. Let b(a) = 80*a - 1. What is the tens digit of b(q)?
7
Suppose 4*a = 1 + 39. Suppose 2*y = k - 0 - a, 4*y = -k - 8. Suppose 5*x - 61 = -j, 0 = -x + j + 13 + k. What is the units digit of x?
3
Suppose -56 = 5*a + 64. Let k be ((-32)/a)/((-4)/(-6)). Suppose -96 = -3*w + r + 2*r, k*r = 3*w - 92. What is the tens digit of w?
2
Let m(q) be the third derivative of q**7/1260 + 7*q**6/720 - q**5/30 - 3*q**2. Let i(p) be the third derivative of m(p). What is the units digit of i(3)?
9
Suppose -135*w = -138*w + 1620. What is the tens digit of w?
4
Let b = -253 + 1202. What is the tens digit of b?
4
Let z be -347*(-4)/(3 - -1). Let b = 523 - z. What is the hundreds digit of b?
1
Let m = 40 - 14. Suppose t = -4*f - 4*t + 33, -4*t = 3*f - m. Suppose 0 = -2*v - 5*a + 78, -f*v - 3*a = v - 108. What is the units digit of v?
4
Suppose -11*c + 137 + 61 = 0. Suppose -3*v = 16 + 11. Let a = c - v. What is the units digit of a?
7
Suppose 7 = 12*j - 11*j. Suppose -9 = -4*z + j. Let i(x) = x**2 - 8. What is the units digit of i(z)?
8
Suppose 0 = -4*v - 21 - 7. Suppose -10 = -5*o, 5*m + 2*o + o = 66. Let k = m - v. What is the tens digit of k?
1
Let g = 3788 + -581. What is the thousands digit of g?
3
Let p = 285 - 263. What is the tens digit of p?
2
Let n = 546 + -218. What is the units digit of n?
8
Let p be ((1 + -2)*-2)/(10/15). Suppose -24 + 4 = -5*z, 0 = -3*f - 4*z + 592. Suppose -2*r + g + 140 = -0*r, p*g = -3*r + f. What is the units digit of r?
8
Suppose -4*b + 917 = -3*y + 252, -2*b + 4*y + 320 = 0. Let p be -4 + 1 + 1 + 109. Let o = b - p. What is the tens digit of o?
6
Suppose 0 = 3*s - 22*s + 40337. What is the tens digit of s?
2
Let h = -334 - -831. What is the units digit of h?
7
Suppose 801*o = 805*o - 5068. What is the thousands digit of o?
1
Let u(x) = 2*x**3 - 8*x**2 - 15*x + 1. Suppose 42 = -0*y + 6*y. What is the hundreds digit of u(y)?
1
Suppose 3*m = -4*u + 4245, 30*m + u + 1422 = 31*m. What is the units digit of m?
9
Let q(x) = 2*x**2 + x - 6. Let y be q(3). Let a = -18 + y. Let f = 21 + a. What is the units digit of f?
8
Suppose -3*s + 5*s - 6 = 0. What is the tens digit of (44/16)/(s/36)?
3
Suppose -30 = -4*m - 198. What is the tens digit of 16*(m/(-4) - -4)?
3
Suppose 0 = 5*z - 6*z + 218. Suppose n - z = -n. Suppose 4*h = 23 + n. What is the tens digit of h?
3
Let z = 1 + -1. Let d(v) = -4*v**2 + 5 - v**2 + v**3 + v**2 + 5*v**2. What is the units digit of d(z)?
5
Suppose 3*y - 42 = 42. Let f = y + -26. What is the units digit of f?
2
Let k(g) = 5*g - 10. Let v be k(4). Suppose 0 = 5*a + y + v, 3*a + 6 = 2*y - 0*y. What is the units digit of (1 + a + 0)*-1?
1
Let y = 188 - 316. Let u = 269 + y. What is the units digit of u?
1
Let o = -30 - -15. What is the units digit of 40/4*(-12)/o?
8
Suppose 7*g + 5*g = 1788. What is the tens digit of g?
4
Let x(r) = 2*r**2 - 3*r + 14. What is the hundreds digit of x(-12)?
3
Let a(s) = s**3 - s**2 + 37. Let k be a(0). Let i = k - 32. Suppose -90 + 70 = -i*z. What is the units digit of z?
4
Let a = -21 - -21. Suppose 0 = -3*i + 4*s + 650, 3*s + a*s = -i + 221. What is the units digit of i?
8
Suppose 2*i = -5*i - 315. Let h be 3*3/(i/(-10)). Suppose -79 = -4*m - 3*z, -h*z = -0*m + m - 26. What is the units digit of m?
6
Suppose -i = -5 + 3. Suppose i*h = -0*h - 4*k, -2*k = -5*h - 36. Let l(p) = p**3 + 5*p**2 - 10*p - 8. What is the tens digit of l(h)?
1
Let z = -53 + 48. Let d(w) = 3*w - 9. Let o be d(7). What is the units digit of (o/z)/(4/(-10))?
6
Let j = 4265 + -1558. What is the tens digit of j?
0
Let f(t) = t**2 + 3*t - 17. Let d be f(-6). Let v(y) = d - 3 - 6*y - 3*y. What is the units digit of v(-5)?
3
What is the tens digit of (-2988)/(-5) + 12/(-450)*-15?
9
Suppose 27*z = 24*z + 10377. What is the hundreds digit of z?
4
What is the thousands digit of 12820/(-8)*-1 + (-14)/(-28)?
1
What is the hundreds digit of ((-461)/1)/((-8)/40) + 7?
3
Let m(x) = x**3 + 59*x**2 + 101*x + 86. What is the thousands digit of m(-56)?
3
Let j = -22 - -21. Let u be (j - (-4 + -241))*1. Suppose 0 = -p - 2*x + 44, -2*p + 7*p + 2*x = u. What is the units digit of p?
0
Let n be 2/4*(-6 - 16). Let k = n - -14. Suppose -l + 8 = k*l. What is the units digit of l?
2
Let t(r) = r**2 + 4*r + 59. What is the units digit of t(14)?
1
Suppose z = 76 + 112. What is the hundreds digit of z?
1
Let g = -23 - -24. Let i = g - 18. Let l = 14 - i. What is the units digit of l?
1
Let j(c) = c**2 + 5*c. Let f be (-10 - -9)/(2 - (-15)/(-7)). What is the units digit of j(f)?
4
Suppose -3*u = -t - 3143, 2*u - 5*t - 1203 - 888 = 0. What is the tens digit of u?
4
Suppose -4*l = -12 - 0. What is the units digit of (l*1)/(417/(-105) + 4)?
5
Suppose -40*m - 8*m = -94224. What is the hundreds digit of m?
9
Let l(k) = -14*k**3 - 2*k + 1. Let t be l(1). Let b = 44 - t. What is the units digit of b?
9
Suppose -39*n = -12931 - 16865. What is the tens digit of n?
6
What is the units digit of (249/12)/(19/380)?
5
Suppose 4*n + 3*d = 2*d - 94, -n + 3*d - 17 = 0. Let z = 166 + n. What is the tens digit of z?
4
Suppose -5*g + 218 = 2*i, -3*i - 5*g + 0*g + 3